 9) to base 15
-c34b
What is 1023011 (base 4) in base 10?
4805
-36602 (base 7) to base 12
-5645
100110 (base 3) to base 4
3333
Convert 242411 (base 5) to base 7.
35356
-677 (base 13) to base 2
-10001011000
Convert -5473 (base 10) to base 8.
-12541
-613 (base 16) to base 15
-6da
Convert -31311 (base 5) to base 10.
-2081
What is 200 (base 11) in base 13?
158
-704 (base 8) to base 12
-318
-1a60a (base 11) to base 3
-1110100111
-677 (base 11) to base 7
-2235
What is 1342 (base 9) in base 7?
2642
What is -2432 (base 8) in base 9?
-1711
Convert -482 (base 11) to base 2.
-1000111110
-974 (base 12) to base 14
-70c
Convert 457 (base 15) to base 4.
33112
Convert 14883 (base 9) to base 8.
23730
-282 (base 13) to base 11
-374
What is 56 (base 11) in base 6?
141
What is 10011010011100 (base 2) in base 6?
113432
Convert 36a (base 15) to base 11.
645
Convert -1023021 (base 6) to base 15.
-ebc4
-15210 (base 6) to base 10
-2454
Convert -2410 (base 6) to base 12.
-406
-168 (base 16) to base 13
-219
Convert 10403 (base 5) to base 15.
338
What is -1b58 (base 13) in base 5?
-113004
What is 1110033 (base 4) in base 8?
12417
-5650 (base 11) to base 4
-1310030
-132142 (base 5) to base 8
-12261
Convert 778 (base 9) to base 8.
1176
11011100101001 (base 2) to base 7
56112
-9c (base 14) to base 9
-163
996 (base 13) to base 14
856
What is 2552 (base 7) in base 10?
968
-2c (base 14) to base 15
-2a
Convert 16a3 (base 13) to base 16.
d10
6d8b (base 16) to base 8
66613
What is -405 (base 10) in base 16?
-195
2711 (base 11) to base 10
3521
-90ad (base 15) to base 6
-353214
What is -5153 (base 8) in base 4?
-221223
Convert -1310331 (base 4) to base 15.
-2340
What is 21225 (base 9) in base 6?
144552
Convert 1004000 (base 5) to base 9.
24106
1132014 (base 5) to base 9
31574
What is -54b (base 15) in base 9?
-1568
Convert 360 (base 8) to base 5.
1430
Convert -2112222 (base 3) to base 10.
-1862
Convert 3025 (base 14) to base 5.
231030
What is -23143 (base 11) in base 12?
-1742b
17 (base 16) to base 14
19
What is 20626 (base 8) in base 13?
3bb5
269 (base 13) to base 4
12221
What is -1051300 (base 6) in base 9?
-81300
What is -20a (base 11) in base 14?
-140
22422 (base 6) to base 12
1a12
Convert 53bd (base 15) to base 4.
10111000
Convert 21b (base 12) to base 4.
10313
What is 45141 (base 6) in base 7?
24304
What is 1315a (base 11) in base 12?
aa84
Convert -23d (base 16) to base 5.
-4243
-11221111 (base 3) to base 5
-103404
2102 (base 7) to base 3
1000022
Convert -332342 (base 6) to base 16.
-6c86
1001110110 (base 2) to base 9
770
Convert 1102 (base 4) to base 10.
82
391 (base 12) to base 4
20131
3115 (base 8) to base 9
2182
-4 (base 6) to base 15
-4
What is 34015 (base 10) in base 13?
12637
What is 5 (base 13) in base 7?
5
-a788 (base 16) to base 2
-1010011110001000
What is -dd0 (base 16) in base 3?
-11211222
What is 11011212 (base 3) in base 12?
191b
What is 2121 (base 5) in base 11?
240
What is -10625 (base 7) in base 2?
-101010011010
111101110 (base 2) to base 3
200022
Convert -2266 (base 8) to base 7.
-3342
What is -b92c (base 15) in base 7?
-222156
Convert -96aa (base 14) to base 2.
-110010110100110
Convert 420 (base 13) to base 4.
22332
2e16 (base 16) to base 8
27026
Convert -558b (base 16) to base 14.
-7da3
1122403 (base 5) to base 7
113224
Convert -111010111100110 (base 2) to base 5.
-1431212
1204 (base 5) to base 13
10a
-30551 (base 7) to base 6
-54352
Convert -29b (base 12) to base 8.
-627
-132ec (base 15) to base 7
-344034
Convert 15010 (base 7) to base 3.
12122201
What is -220222 (base 3) in base 10?
-674
232 (base 10) to base 8
350
1556 (base 7) to base 6
2525
What is 0 (base 6) in base 5?
0
-7115 (base 10) to base 2
-1101111001011
Convert 3021212 (base 4) to base 13.
5b46
What is 721 (base 9) in base 3?
210201
Convert 5305 (base 10) to base 15.
188a
What is -1103100 (base 6) in base 5?
-3230431
What is 21465 (base 8) in base 9?
13324
10502 (base 6) to base 5
21403
What is -6421 (base 11) in base 14?
-3149
What is -10111001 (base 3) in base 14?
-cd5
Convert -1128 (base 15) to base 7.
-13415
Convert -202222 (base 3) to base 4.
-20312
68a (base 15) to base 4
113020
Convert 25c (base 16) to base 2.
1001011100
-2010213 (base 4) to base 7
-33513
What is -1011011111011 (base 2) in base 3?
-22001220
2281 (base 14) to base 5
142433
-10469 (base 10) to base 7
-42344
What is -11110100 (base 2) in base 6?
-1044
-2d01 (base 14) to base 10
-8037
Convert 653 (base 13) to base 15.
4c2
-335 (base 7) to base 6
-445
Convert -251550 (base 7) to base 6.
-554030
Convert 667 (base 8) to base 10.
439
Convert 2b3 (base 13) to base 9.
587
What is 10536 (base 7) in base 4?
221301
Convert 774 (base 9) to base 4.
21322
Convert 165 (base 11) to base 8.
300
Convert 3ff2 (base 16) to base 7.
65504
Convert 3c (base 15) to base 6.
133
2102101211 (base 3) to base 2
1011101000111101
What is 2113 (base 5) in base 14?
163
What is -87a (base 14) in base 8?
-3214
Convert 103522 (base 6) to base 10.
8618
What is -1dde (base 15) in base 10?
-6509
Convert 1321303 (base 4) to base 7.
31504
Convert 21233 (base 4) to base 5.
4443
Convert -11234 (base 5) to base 7.
-2250
Convert -425 (base 6) to base 7.
-320
Convert -31bb (base 12) to base 2.
-1010101011111
What is 2536 (base 14) in base 12?
3930
22211101 (base 3) to base 10
6436
Convert -651 (base 12) to base 8.
-1635
-425 (base 8) to base 6
-1141
Convert 316532 (base 7) to base 6.
1103152
Convert 110111110101 (base 2) to base 14.
1433
Convert -23262 (base 7) to base 8.
-13525
What is 73 (base 9) in base 10?
66
Convert 5924 (base 12) to base 15.
2e44
What is 1010010000001 (base 2) in base 15?
184e
Convert -625 (base 11) to base 13.
-45c
Convert 27678 (base 12) to base 10.
54524
3518 (base 16) to base 7
54425
5675 (base 11) to base 8
16447
Convert 144 (base 6) to base 2.
1000000
What is -280 (base 11) in base 9?
-406
What is 13020313 (base 4) in base 12?
14b07
Convert -351 (base 6) to base 7.
-256
-512121 (base 6) to base 11
-28601
Convert 1012011 (base 4) to base 9.
6133
Convert 59995 (base 10) to base 4.
32221123
-388 (base 16) to base 3
-1020111
What is 10101111 (base 2) in base 14?
c7
1a5 (base 11) to base 9
282
4034 (base 5) to base 6
2223
-1262 (base 8) to base 7
-2004
-23220 (base 4) to base 2
-1011101000
-2644 (base 15) to base 13
-3940
313 (base 9) to base 14
143
Convert 11793 (base 12) to base 10.
23583
Convert -b183 (base 13) to base 10.
-24443
-3157 (base 13) to base 4
-1222300
Convert -303e (base 16) to base 8.
-30076
-131164 (base 7) to base 16
-5f80
Convert -284 (base 15) to base 2.
-1000111110
Convert -11011101 (base 2) to base 8.
-335
-1624 (base 7) to base 10
-655
Convert -30030001 (base 4) to base 9.
-75427
Convert 402 (base 11) to base 7.
1263
What is -7aa4 (base 12) in base 10?
-13660
22431 (base 5) to base 14
836
31001 (base 4) to base 3
1010212
54112 (base 6) to base 8
16334
362 (base 13) to base 6
2415
Convert -20021002 (base 3) to base 14.
-1941
49043 (base 10) to base 8
137623
What is -3704 (base 11) in base 10?
-4844
Convert -10110002002 (base 3) to base 13.
-24b66
Convert -1100010101110101 (base 2) to base 12.
-25305
Convert -102211 (base 5) to base 4.
-311213
ca9b (base 13) to base 6
334250
What is 18252 (base 9) in base 5?
400402
What is -1110000000010 (base 2) in base 16?
-1c02
What is -65 (base 12) in base 3?
-2212
Convert -1467 (base 9) to base 3.
-1112021
What is -331302 (base 5) in base 7?
-45250
2020222 (base 4) to base 13
3c9a
What is -11100011010 (base 2) in base 12?
-1076
What is d956 (base 15) in base 8?
131635
Convert 939 (base 10) to base 6.
4203
-1100a (base 12) to base 7
-122344
What is 1100101011 (base 2) in base 15?
391
Convert 52510 (base 6) to base 13.
3300
-3178 (base 12) to base 5
-133140
Convert 5a6 (base 11) to base 4.
23101
Convert 10010201 (base 3) to base 5.
33122
56 (base 13) to base 12
5b
What is c4 (base 15) in base 8?
270
What is -25a (base 14) in base 11?
-39a
-2883 (base 11) to base 3
-12002211
-2433 (base 6) to base 13
-36c
Convert -60e0 (base 15) to base 2.
-100111111101100
Convert -751 (base 11) to base 15.
-403
Convert -10111210 (base 3) to base 4.
-213333
What is -381 (base 11) in base 12?
-318
-4654 (base 7) to base 12
-ba1
Convert 8080 (base 10) to base 9.
12067
Convert -1740 (base 8) to base 7